 m = 36 - t. Let u(i) = 10*i + 1. Calculate the remainder when u(1) is divided by m.
3
Let o = 266 - 281. What is the remainder when 161 is divided by 6 - (o*2 - -1)?
21
Suppose 2968 + 804 = 51*l + 559. Calculate the remainder when 414 is divided by l.
36
Let o = -4232 + 4348. What is the remainder when o is divided by ((-4)/8)/(2/(-236))?
57
What is the remainder when (14/5)/((-168)/(-304080)) is divided by 281?
10
Suppose -3599 - 1953 = -32*t - 3888. Calculate the remainder when 966 is divided by t.
30
Let u = -28 + 32. Suppose -u*l + 3*g + 55 = 0, 5*g - 6*g = -4*l + 53. Calculate the remainder when l is divided by 4.
1
Let n(s) = -s + 400. Let t be n(0). Suppose -t - 295 = -5*o. What is the remainder when o is divided by (-107)/((-9951)/(-930)) - (-56 + -1)?
45
What is the remainder when ((-1)/(-2))/((-794)/(-33033576)) is divided by 103?
99
Let u = 5583 - 5459. What is the remainder when u is divided by 39?
7
Suppose n - 3*t = 29, -2*n + t + 37 + 16 = 0. Suppose 3*x = 3*i + 4*x - 12, 3*i - x = 18. Calculate the remainder when n is divided by i.
1
Suppose -15*s = 21*s - 1872. What is the remainder when 1818 is divided by s?
50
Let z be -5 + 0 + -89 + -9 + 11. Let a = z + 181. Suppose -170 + 55 = -5*n. Calculate the remainder when a is divided by n.
20
Let a(y) = 3*y**2 - 15*y + 59. What is the remainder when a(4) is divided by 39?
8
Suppose -3*m + 105 = 2*d, -3*d = -m + 2*m - 28. Suppose -78*z - 115 + 5107 = 0. What is the remainder when z is divided by m?
27
Suppose 329*n - 3630469 = 745646 - 815677. Calculate the remainder when n is divided by 49.
42
Let i(r) = -5*r + 134. Suppose -o + 29 = 2*z, -2*o = -3*z - 42 - 2. Calculate the remainder when 26 is divided by i(o).
8
Let g(w) = -23*w - 20. Calculate the remainder when g(-9) is divided by (-5510)/(-570) + 2/6 + 0.
7
Let h be 5/(-20) - (-10)/8. Suppose -489 - 596 - 235 = -66*j. What is the remainder when (h/1)/(1/57) is divided by j?
17
Let x be (-32 - -41) + 1 + 2. Suppose -21*m = -x*m - 306. What is the remainder when 169 is divided by m?
33
Suppose 4*h - 17 = -5. Suppose -4*r + h*g + 193 = 0, 47 + 84 = 3*r - 5*g. What is the remainder when 224/(-392) - (-1436)/14 is divided by r?
50
Let v(g) = -3*g + 204. Let o(d) = 4*d - 201. Let m(r) = 2*o(r) + 3*v(r). What is the remainder when m(-34) is divided by 13?
10
Let x = -21658 + 21761. Calculate the remainder when 495 is divided by x.
83
What is the remainder when 1347 is divided by 492/(-615) + 292/15 + (-4)/6?
15
Let w(z) = 40*z - 3. Let y = -32 + 46. Suppose -3*q - o + 42 = 0, 3*q + 2*o - 31 = y. Calculate the remainder when w(2) is divided by q.
12
Let h be 0/(2 + 4/4) + 48. Let r = 11 + h. Suppose 3*k = 3*f + 48, 5*k + 5*f - 80 = f. What is the remainder when r is divided by k?
11
Let a = -627 - -815. What is the remainder when 202 is divided by a?
14
Let v = 28 + 2. Let m = 6214 + -6194. What is the remainder when v is divided by m?
10
Suppose 4*l - 5*w - 331 = 0, 2*w + 2*w + 407 = 5*l. Calculate the remainder when l is divided by (-5)/(2090/(-228) + (3 - 2) + 8).
19
Let u(q) = q**3 - 3*q**2 - 4*q + 3. Suppose -17 - 3 = -5*k. Let a(v) = v**3 - 5*v**2 - 4*v + 35. What is the remainder when a(4) is divided by u(k)?
0
Let u(t) = t**2 - 9*t - 4. Let q be u(10). What is the remainder when (2 - 0) + -1 - -62 is divided by 5/(75/q) + (-63)/(-5)?
11
Suppose -13 - 83 = -2*y. Let t = 328224 + -328037. Calculate the remainder when t is divided by y.
43
Suppose 771*a = -2*g + 773*a + 8, 3*g = -2*a + 22. What is the remainder when 339 is divided by g?
3
Suppose 12*t - 45 + 21 = 0. Suppose 31*v + t*v = 3201. What is the remainder when v is divided by 59?
38
Suppose 19*w - 173 + 59 = 0. Let p(t) = -t**3 + 7*t**2 - 5*t + 19. Calculate the remainder when p(w) is divided by 6.
1
Suppose 5829 + 4463 = 62*b. What is the remainder when b is divided by 160?
6
Let m = 599 - 596. Suppose -10*a + m*q = -5*a - 53, -a - 4*q + 29 = 0. What is the remainder when 103 is divided by a?
12
Suppose -y - 7 = -0*h - 5*h, h - 11 = -y. Suppose y = -8*z + 12*z. Let t(g) = 20*g - 7. Calculate the remainder when t(z) is divided by 13.
7
Let w be (-14)/77 + 79/11 + 4. Let c(j) = 3*j - 7. What is the remainder when c(7) is divided by w/(77/(-14)) - -11?
5
Let q(a) be the first derivative of -22 - 1/4*a**4 + 10/3*a**3 + a**2 - 6*a. Calculate the remainder when q(10) is divided by 3.
2
Suppose -8*z + 6631 = 2375. Let j = 51 - 10. What is the remainder when z is divided by j?
40
Let o = -10587 - -10996. Calculate the remainder when o is divided by 46.
41
Suppose z + 0*z - 5 = 0. Let c(d) = -78 - 4*d**3 + 7*d**2 + 9*d + z*d**3 + 77. What is the remainder when 24 is divided by c(-3)?
0
Let z(l) = -2*l**2 + 17*l - 30. Let w be z(16). Let f = w + 396. Let n = f + -109. Calculate the remainder when 31 is divided by n.
14
Let x(g) = -2*g**2 + 282*g - 4591. What is the remainder when 13002 is divided by x(122)?
42
Suppose -2*u + 46547 = -898*j + 899*j, -3*j - 2*u = -139617. What is the remainder when j is divided by 269?
267
Let c(g) = 7*g**2 - 5*g + 116. Calculate the remainder when c(9) is divided by 7.
1
Let c(p) = -2*p**2 - 4*p + 32. Let l be c(-5). Suppose -3 = 5*m - 13, 0 = -2*u + l*m + 166. What is the remainder when u is divided by 11?
8
Let d(o) = 15*o**2 + 1. Let r = 416 + -409. Calculate the remainder when d(-1) is divided by -7*7/(-49)*(r + -1).
4
Let g = 13 + -7. Suppose g*c = 3*c + 33. Suppose 4*z - 131 = 3*f + 202, 0 = -5*z + 5*f + 410. Calculate the remainder when z is divided by c.
10
Suppose 0 = 3*m + 3*r - 921, 2*m + 3*r = 3*m - 307. Let f = 260083 + -260055. Calculate the remainder when m is divided by f.
27
Let v(p) = 2*p**2 + 46*p + 61. Let y = -5 + 53. What is the remainder when y is divided by v(-22)?
14
Let m(i) = -i**3 + 11*i**2 + 2*i - 1. What is the remainder when m(-5) is divided by 65?
64
Let r(h) = -3*h + 15. Let b be r(5). Suppose -2*w + 14 + 26 = 0. Calculate the remainder when 1 + -1 + 40 + -3 + b is divided by w.
17
Let n(l) = -38*l - 631. Let q be (-1 + 310 + 2)/1. Calculate the remainder when 2/(-3) + q/3 is divided by n(-17).
13
Let k = -8928 - -9011. What is the remainder when 113 is divided by k?
30
Let d be ((-165)/(-4))/((-3)/(-8)). Let r = d - 123. Let b = 18 + r. Calculate the remainder when 13 is divided by b.
3
Let p = -300 + 345. Suppose -47*t + 58 = -p*t. Let z(l) = -l**3 + 7*l**2 + 8*l - 1. What is the remainder when z(7) is divided by t?
26
Let r = -13300 - -13336. Suppose i + u = 6, -4*u - 46 = -5*i - u. What is the remainder when r is divided by i?
4
Let n(j) = 3*j**3 + 28*j**2 + 3*j + 17. Suppose b + 2*h + 9 = 0, 27 = 3*b - 6*b + 4*h. What is the remainder when n(b) is divided by 19?
14
Suppose -265 = 41*b - 44*b + 2*s, -s = 2*b - 186. What is the remainder when 635 is divided by b?
89
Let s = 506 + -263. Let o(b) = 2*b**3 + 41*b**2 + 207*b - 3. Calculate the remainder when s is divided by o(-11).
15
Let o(t) = -361*t - 12558. Calculate the remainder when o(-36) is divided by 28.
18
Let y = 40 - 38. Let m(z) = -z**3 + 13 - z - 2 - 36*z**2 + 0*z + 26*z**y. What is the remainder when 81 is divided by m(-10)?
18
Suppose 4*c + 3477 = d, -3467 = 153*d - 154*d + 2*c. What is the remainder when d is divided by 26?
25
What is the remainder when 2672 is divided by 21*(-33)/(-77) + 9 + -5?
7
Suppose -5*v + 478 = -3*q, 3*v - 492*q - 274 = -487*q. What is the remainder when 137 is divided by v?
39
Suppose -2*w + 6 = -2*v, -3*w + v + 3 = -6. Suppose 0 = -3*k - w*y + 42, 2*k - y - 14 = 4*y. Calculate the remainder when (0 + -35)*24/(-15) is divided by k.
8
Let y be ((-53)/(-742) - 211/14)*4/(-10). Suppose 4*x - 12 = -3*v + 7*v, 3*x = 4*v + 16. Let p = y - v. What is the remainder when 51 is divided by p?
12
Let m(f) = 13*f**2 - 33*f + 216. Calculate the remainder when m(7) is divided by 4.
2
Let p = -460 + 465. Suppose p*n = 0, -5*n = 3*a - 4*n - 162. Calculate the remainder when a is divided by 10.
4
What is the remainder when 106 is divided by (-9342)/(-114) - (-24)/456?
24
Let w(v) = 2*v**2 - 1. Let f(j) = 6*j**2 - 7*j + 89. Let y(b) = -f(b) + 4*w(b). What is the remainder when y(8) is divided by 25?
16
Suppose -3*q + q - 4*l = 184, -5 = l. Let b = q - -280. Suppose -21*h + 1271 = 221. What is the remainder when b is divided by h?
48
Supp